(1 - -14)*(-6)/(-18). Suppose k - a - 126 = -3*a, -t*k + a + 608 = 0. Calculate the highest common divisor of 4 and k.
2
Suppose -3766 = -18*w + 3456 - 634. What is the highest common factor of w and 122?
122
Let g be 4250/15 - 2/6 - -3. Suppose 0 = -12*s + g + 482. Suppose 0 = 5*w + 4*y - 60, 3*y - 47 = -3*w - 8. What is the highest common divisor of s and w?
8
Suppose -176 + 201 = -5*u. Let b(k) be the second derivative of -5*k**3/3 - 17*k**2/2 - 4*k. Let w be b(u). What is the highest common factor of 11 and w?
11
Let z be (85 - 86)*(-207)/(-1). Let j = -183 - z. What is the highest common factor of j and 108?
12
Let o(t) = -21*t - 86. Let m be o(-5). Let d = 30 + 65. What is the highest common divisor of d and m?
19
Let d = 138 + -133. Suppose b - 4*h + 64 = d*b, -b + 3*h + 8 = 0. Suppose -210 = -2*f - 3*f. What is the greatest common divisor of f and b?
14
Let p(s) = s**2 + 15*s - 26. Let g be p(-17). Suppose g*i - 10 = 7*i. Suppose i*j - 94 + 34 = 0. What is the highest common factor of 3 and j?
3
Suppose -98*n + 156266 = -133601 + 15565. What is the highest common factor of 9 and n?
9
Suppose 2*b - 2*h - 27682 = 0, 0 = 6*b + 7*h - 6*h - 82983. Calculate the greatest common factor of 57 and b.
19
Let o(v) = -v**3 - 57*v**2 - 166*v - 126. Let f be o(-54). Calculate the greatest common factor of 780 and f.
30
Suppose 1402*w - 1393*w - 8964 = 0. What is the greatest common factor of 3 and w?
3
Let d = 105 - 105. Suppose d = 10*v - 12*v + 102. Suppose 5*p = 37 + 48. What is the greatest common factor of v and p?
17
Suppose -3*y = -2*u + 21, -10*u - 41 = -13*u - 5*y. Let k = 374 + -134. Calculate the greatest common divisor of k and u.
12
Suppose -7434 = -4*l + c, -3714 = -3*l + l + 2*c. What is the highest common divisor of l and 11?
11
Let q be ((-79)/2)/((-1)/4). Let l = 461 - q. Let x = l + -163. What is the greatest common factor of 56 and x?
28
Let s(k) = 15*k + 264. Let j(b) = -23*b - 527. Let q(m) = -4*j(m) - 7*s(m). Let x be q(0). Calculate the greatest common divisor of x and 60.
20
Let v = 153 - 162. Let j be (-2)/(-4)*(-5 - v). Calculate the highest common factor of 32 and j.
2
Let y be (5369366/16)/37 - (-2)/16. What is the greatest common divisor of y and 5?
5
Suppose -3 = 10*n - 11*n. Suppose -943 = -n*k + 2. Let i = -172 + k. What is the highest common factor of 13 and i?
13
Let l be 99 - (1 + 2/(-2)). Let c(u) = 91*u + 659. Let h be c(-7). Calculate the highest common divisor of h and l.
11
Let r be 10*(0 + 3)/3. Suppose 14*m - 1628 = r*m. Calculate the greatest common divisor of 74 and m.
37
Let z(t) = 21*t**2 + 133*t - 997. Let f be z(7). Calculate the greatest common factor of 261 and f.
9
Let h = -359 - -364. Suppose -h*a - k = -4*a - 3, -3*a + 12 = 2*k. Calculate the highest common divisor of a and 3.
3
Suppose 570 = 2*m - 4*y + 146, 16 = -4*y. What is the greatest common factor of 2346 and m?
102
Let f be ((-26)/8)/(18/(-2520)). Let z = f - 401. What is the highest common factor of z and 36?
18
Let d be ((-24)/(-15))/(5/500). What is the highest common divisor of d and 176?
16
Let l = 8611 + -8314. Calculate the highest common divisor of l and 1529.
11
Let c = -580 - -1204. Calculate the highest common factor of 130 and c.
26
Let s = -32527 + 32577. What is the highest common factor of s and 4380?
10
Let b = 15975 - 15884. What is the highest common divisor of 28 and b?
7
Let h(d) = -23*d**3 - d**2 - 3*d - 9. Let k be h(-2). Calculate the highest common divisor of k and 1829.
59
Let h be (-1365)/(-336) - -3*(-1)/48. What is the highest common factor of 113 and h?
1
Suppose 219*o = -7*b + 217*o + 15793, -5*b + 11288 = -o. What is the highest common divisor of 549 and b?
61
Let o(a) be the third derivative of -a**6/30 - a**5/15 + a**4/6 - 3*a**2 - 12*a. Let j be o(-4). What is the greatest common factor of j and 11?
11
Let z = 14 + -3. Suppose 5*k = -y + 111, 459*y + 115 = 460*y + 3*k. Calculate the highest common factor of y and z.
11
Let b be (90/(-60))/(1/(-12)). Suppose -3*h = -4*h + 3*r + 6, r = -h + b. Calculate the greatest common factor of 6 and h.
3
Let v be (-4)/22 + (-513)/(-99). Suppose -4*q + 101 = v*l, -4*l = -3*q - l + 42. Let n = 1348 + -1253. Calculate the highest common factor of q and n.
19
Let m(p) = 3*p + 22. Let j be m(11). Suppose -34*q + 36*q - 2*i = 10, j = 4*q + 3*i. Calculate the greatest common factor of 26 and q.
2
Suppose 5 = 5*m + 4*s, -3*m - 4*s + 3 - 8 = 0. Let n be (1/(-3))/(m/(-45)). Let a = -7 + 8. Calculate the highest common divisor of a and n.
1
Let s = 994 - 656. Suppose -25*w = w - s. What is the greatest common divisor of w and 1?
1
Suppose -2*i - 304*b + 300*b = -378, 3*i - 3*b - 549 = 0. Calculate the greatest common factor of i and 95.
5
Let l(i) = 2*i**2 + 4*i - 7. Let n be l(5). Suppose -36*k - 37*k = -374 - 2181. Calculate the highest common factor of k and n.
7
Let s = 174 - 112. Let q = -6 + s. Calculate the highest common factor of q and 70.
14
Let m(s) = 26*s**3 - 2*s**2 + 3*s + 2. Suppose 0 = -84*l + 74*l + 20. Let h be m(l). Calculate the greatest common divisor of 26 and h.
26
Let a(f) = 23*f + 428. Let z be a(34). What is the greatest common divisor of 440 and z?
110
Let f be ((-50)/(-4))/(-25) + (-3)/(-2). Let l be (f - 8) + 78 - (-12)/(-3). What is the greatest common factor of l and 603?
67
Suppose 0 = -827*k + 836*k - 558. Let c(t) = 7*t**2 - 5*t - 5. Let m be c(6). What is the greatest common divisor of k and m?
31
Suppose 3*c + 3*r = 2*r - 535, c + 169 = -5*r. Suppose 254*d - 250*d + 352 = 0. Let b = d - c. What is the highest common factor of b and 7?
7
Suppose -l = j, -3*j + 21*l + 48 = 16*l. Calculate the highest common factor of j and 936.
6
Suppose 0 = -5*w - 0 - 5, -w + 139 = 5*k. What is the highest common factor of k and 18466?
14
Let j = 67 - 62. Suppose -j*f - 4*c = -96, -3*c + 36 + 1 = 2*f. Suppose 34 = 3*b - f. Calculate the highest common factor of b and 2.
2
Suppose -7*x + 5*x = -78. Suppose -q = 5*o - 106, 2*q - 9*o = o + 152. Calculate the highest common factor of q and x.
13
Suppose 0 = 48*f - 251000 - 55720. Calculate the greatest common factor of f and 90.
90
Let z = 20841 - 12236. Calculate the highest common factor of 10 and z.
5
Let m(x) = -43*x + 603. Let d be m(12). Calculate the greatest common divisor of 2610 and d.
87
Suppose -477*r + 42*r + 155663 = -19642. What is the highest common factor of 559 and r?
13
Let s = -8 - 30. Let g = 119 + s. Suppose -2*q + 5*q = 81. What is the highest common factor of q and g?
27
Let x(g) = 2*g**2 - 21*g - 466. Let u be x(-42). What is the greatest common factor of u and 58?
58
Let i = -87 - -192. Let a = 980 - 645. Suppose 0 = -338*p + a*p + 45. What is the highest common factor of i and p?
15
Let p(c) = 2*c**2 - 8*c + 14. Let m be p(3). Let v be -2 + (0 - -15 - -1). Let h = v - 10. Calculate the greatest common divisor of h and m.
4
Let o(h) = 295*h + 3025. Let a be o(-10). Calculate the greatest common factor of 200 and a.
25
Let h(s) = -s**2 + 16*s + 2. Let k be h(7). Let p be 2/(-26)*-132 - 10/k. Let m = -164 - -254. Calculate the greatest common factor of p and m.
10
Suppose -3*n = 2*n - 15. Suppose 3*q + h = -4*h + 33, -6 = -2*h. Suppose 57*v - 51*v - q = 0. What is the greatest common divisor of v and n?
1
Suppose -3*d + 57 = 5*l, -5*l - 5*d + 12 = -53. Let f be (12 + -14)/(4/(-18)). What is the highest common divisor of f and l?
9
Suppose -4*w - 5*v + 63 = -66, 0 = 2*w + 2*v - 66. Suppose -5*k + 337 = 5*a - 448, -a = 4*k - 142. What is the greatest common divisor of w and a?
18
Suppose 0 = -56*u + 261 + 2049 + 2730. What is the greatest common factor of 9810 and u?
90
Suppose -47748 = -58*y + 32*y + 3*y. Calculate the highest common divisor of 12 and y.
12
Suppose 4*v - 3*h - 83 = 0, -338*v + 335*v - 5*h = 3. Calculate the greatest common divisor of 42518 and v.
14
Let c be 2*((-6)/4 + 1). Let m be (c/(-2))/(3/96). Let w = 31270 - 31268. Calculate the highest common divisor of m and w.
2
Suppose 0 = -0*f - 3*f - 45. Let g = -10 - f. Suppose g*v + 17 + 38 = 5*t, 2*v = 4*t - 36. What is the highest common factor of t and 70?
7
Let m = 26 - 18. Suppose 0 = -18*z - 32*z + 16400. Calculate the greatest common factor of z and m.
8
Let w be (-4)/22 - (0 + 1443/(-11)). Suppose -w = -9*p + 67. S